

{"id":1696,"date":"2023-11-02T14:10:09","date_gmt":"2023-11-02T13:10:09","guid":{"rendered":"https:\/\/shop.lingenfelder.de\/?post_type=product&#038;p=1696"},"modified":"2023-11-03T14:54:07","modified_gmt":"2023-11-03T13:54:07","slug":"22er-grauburgunder-spaetlese-trocken","status":"publish","type":"product","link":"https:\/\/shop.lingenfelder.de\/?product=22er-grauburgunder-spaetlese-trocken","title":{"rendered":"22er Grauburgunder Sp\u00e4tlese &#8211; trocken"},"content":{"rendered":"","protected":false},"excerpt":{"rendered":"<ul>\n<li>leichter, tiefgr\u00fcndiger L\u00f6\u00dfboden<\/li>\n<li>leichter, beschwingter als der 20er Jahrgang<\/li>\n<li>nach dem Bariton(sax) kommt das Tenor(sax)<\/li>\n<li>Grosskarlbacher Osterberg<\/li>\n<li><strong>Geschmacksrichtung:\u00a0<\/strong>trocken<\/li>\n<li><strong>Qualit\u00e4tsstufe:\u00a0<\/strong>Sp\u00e4tlese<\/li>\n<li><strong>Flaschengr\u00f6\u00dfe:\u00a0<\/strong>0,75 Liter<\/li>\n<li><strong>Jahrgang:\u00a0<\/strong>2022<\/li>\n<li><strong>Weinnummer: <\/strong>22-821<\/li>\n<\/ul>\n","protected":false},"featured_media":1697,"template":"","meta":{"_monsterinsights_skip_tracking":false,"_monsterinsights_sitenote_active":false,"_monsterinsights_sitenote_note":"","_monsterinsights_sitenote_category":0,"jetpack_publicize_message":"","jetpack_is_tweetstorm":false,"jetpack_publicize_feature_enabled":true},"product_cat":[90],"product_tag":[71,68,64],"jetpack_publicize_connections":[],"_links":{"self":[{"href":"https:\/\/shop.lingenfelder.de\/index.php?rest_route=\/wp\/v2\/product\/1696"}],"collection":[{"href":"https:\/\/shop.lingenfelder.de\/index.php?rest_route=\/wp\/v2\/product"}],"about":[{"href":"https:\/\/shop.lingenfelder.de\/index.php?rest_route=\/wp\/v2\/types\/product"}],"wp:featuredmedia":[{"embeddable":true,"href":"https:\/\/shop.lingenfelder.de\/index.php?rest_route=\/wp\/v2\/media\/1697"}],"wp:attachment":[{"href":"https:\/\/shop.lingenfelder.de\/index.php?rest_route=%2Fwp%2Fv2%2Fmedia&parent=1696"}],"wp:term":[{"taxonomy":"product_cat","embeddable":true,"href":"https:\/\/shop.lingenfelder.de\/index.php?rest_route=%2Fwp%2Fv2%2Fproduct_cat&post=1696"},{"taxonomy":"product_tag","embeddable":true,"href":"https:\/\/shop.lingenfelder.de\/index.php?rest_route=%2Fwp%2Fv2%2Fproduct_tag&post=1696"}],"curies":[{"name":"wp","href":"https:\/\/api.w.org\/{rel}","templated":true}]}}